2 - 1 - s - 17*s**3 + 2. What is the tens digit of v(-2)?
3
Suppose 32*a = 12*a + 3700. Suppose -3*i - 2*k + k = -485, 0 = i + 5*k - a. What is the units digit of i?
0
Suppose 0 = -209*a + 210*a - 62. What is the units digit of (1 + -1323)*(-31)/a?
1
Let k(v) = v**3 - 14*v**2 - 8*v + 12. Let n be k(15). Suppose r + 14 = n. What is the tens digit of r?
0
Let f(h) = 263*h**2 + 165*h + 94. What is the units digit of f(-9)?
2
Suppose 1612*t = 1610*t - 2984. Let x = -1006 - t. What is the hundreds digit of x?
4
Let c = -26 + 29. Let q(n) = -8*n**3 - 3*n + n**2 - 8*n**c - 8 + 21*n**3. What is the hundreds digit of q(3)?
1
Let t = 371 - 371. Suppose 61*f - 20*f - 54858 = t. What is the thousands digit of f?
1
What is the hundreds digit of (42680/(-6))/5*81/(-18)?
4
What is the thousands digit of ((10 + -1)/(-3))/(5668/(-1416) + 4)?
1
Let b = 98 - 91. Suppose -b*a + 529 = -507. Suppose 7*s - a - 146 = 0. What is the units digit of s?
2
Suppose 3*m = -5*w + 5536, w - 3312 = -2*w + 3*m. Suppose -2*f + 3*g + 14 = -755, -5*g + w = 3*f. What is the tens digit of f?
7
Let s(q) = 477*q - 3342. What is the units digit of s(78)?
4
Suppose 21*y = 24*y - 18. What is the units digit of y/(-6 - -3) - -825?
3
What is the units digit of 25/3*(21 - 21 - -4299)?
5
Let c = 31 + -30. Let u be -1 - ((c - 89) + -2). Suppose -142 = -2*m - n, 4*m = -3*n - u + 371. What is the units digit of m?
2
Suppose 0 = -i - 146 - 48. What is the tens digit of -27 + 30 + i/(-2)?
0
Let k(s) = 326*s**2 - 80*s + 39. What is the thousands digit of k(8)?
0
Let v(g) = 21*g - 61. Let q be v(3). Suppose -4*c + 360 = q*j, -555 = 7*j - 10*j - 3*c. What is the tens digit of j?
9
Suppose -4*o = 3*t - 37, -5*t + 4*t + 3 = -o. Suppose -2*m = -t*m + 180. What is the tens digit of m?
3
Let u(g) = -476*g - 2935. What is the ten thousands digit of u(-42)?
1
Let o(v) = v**3 - 23*v**2 - 84*v + 31. What is the tens digit of o(33)?
4
Let n be ((-6082)/(-4))/((-5)/2 + 3). Suppose 10*d + 311 - n = 0. What is the units digit of d?
3
Suppose 4*t - 80*w + 79*w - 34152 = 0, -5*t + 42675 = -5*w. What is the thousands digit of t?
8
Let t = 40 - 43. Let h be 0/(-1*(-1 - t)). Let b = h - -9. What is the units digit of b?
9
Let g(m) = 247*m**2 + 10*m - 165. What is the ten thousands digit of g(8)?
1
Suppose -3820 + 28683 = 3*g - 4*j, -g + 5*j = -8284. What is the thousands digit of g?
8
What is the tens digit of 2022/((-70)/(-28)*(-4)/(-5))?
1
Let u = 26 - 30. Let l be (-3)/u*(4 - 0). What is the units digit of (-4 - -5) + l - -77?
1
Let w be 2*-138 - (2 - 5). Let f = w - -396. Suppose -6*z - 3*q = -4*z - 237, z - 3*q = f. What is the units digit of z?
0
What is the units digit of 3523 - ((22 - 1) + -14)?
6
Suppose -3*y - 4 = y + 4*g, 2*g + 6 = 0. Suppose 4*f = y*f + 5*r + 40, -42 = -5*f - 2*r. What is the units digit of ((-51)/2)/((-5)/f)?
1
Suppose -5*u + 4*p + 77219 = -210090, -3*u - 2*p = -172403. What is the hundreds digit of u?
4
Let p be (806/(-93))/((-2)/1476). Suppose -p = -4*y - 0*y. Suppose y = 12*f - 873. What is the tens digit of f?
0
Suppose 2*i - s + 34 = 0, 0*s - 2*s - 76 = 5*i. Let t(v) = -v**3 - 13*v**2 + 7*v + 60. What is the hundreds digit of t(i)?
7
Suppose 3*h = -7*j + 157026, -109*j - 3*h - 22446 = -110*j. What is the hundreds digit of j?
4
Let m(d) = d**3 - d**2 + 4*d + 1349. Let s be (-85)/40 + (-1)/(-8) - -2. What is the thousands digit of m(s)?
1
Suppose 3*b - 4994 = -5*z + 30608, -2*z + 2*b = -14244. What is the units digit of z?
1
Suppose 7*h = 5*h + 60. Suppose -3*g = u - 44, -4*g - h = u - 89. Suppose -56 = g*m - 19*m. What is the units digit of m?
4
Let t = -59 + 59. Suppose t = -3*z - 2*q + 104 - 14, z + 4*q - 40 = 0. What is the units digit of ((-7)/(-4)*1)/(1/z)?
9
Let y(z) = 26 + z**3 + 24*z + 576*z**2 + 567*z**2 - 1165*z**2. What is the units digit of y(22)?
4
What is the thousands digit of (-30)/(-20)*40/(-12) + 12309?
2
Let q = -83 + 73. Let c(h) = -156*h + 57. What is the units digit of c(q)?
7
What is the units digit of -7 + (-105150)/(-21) + (-1)/7?
0
Let i be 1404 + (54/(-24) - (-2)/8). Let y = 279 + i. What is the tens digit of y?
8
Let l(h) = h**3 + 5*h**2 + 8*h + 10. Let s be l(-5). Let x = s + 96. Suppose -p - p = -x. What is the tens digit of p?
3
What is the tens digit of 1412503/493 + (-12)/102?
6
What is the units digit of (-1)/((-5009441)/(-4383365) + (-8)/7)?
5
Let h(x) be the second derivative of -x**5/20 + 3*x**4/4 + 2*x**3/3 - 5*x**2/2 + 21*x. Let w be 6 - (6 + (-1 - 3)). What is the tens digit of h(w)?
9
Let h(u) be the first derivative of 31*u**2 + 47*u - 125. What is the tens digit of h(4)?
9
Let m(z) = 8*z**2 + z + 3. Let l be m(-1). Suppose 445 = l*n - 355. What is the units digit of n?
0
Suppose -4*g = -2*v - 2522, -18*g = -14*g - 5*v - 2525. Suppose -2294 = 628*m - g*m. What is the thousands digit of m?
1
Let c(s) = s**3 + 13*s**2 + 8*s - 8. Let k be c(-12). Let f = k + -19. Let p(v) = 2*v - 21. What is the tens digit of p(f)?
2
Suppose 2*a - 2 = 3*a, -3*b + 4*a - 58 = 0. Let w = 170 + b. What is the tens digit of 5 + w/(-28) - (-205)/7?
2
Let l = -35 - -2847. What is the units digit of l?
2
Let z be (-8 + -1)/(-3) + 12 + 50. Suppose 2376 = -62*w + z*w. What is the units digit of w?
2
Let l = -8 - -17. Suppose l*b - 10*b = -174. What is the hundreds digit of b?
1
Suppose -3*j = -62*c + 60*c - 68, c - 109 = -5*j. Suppose -3*u + 8 + 40 = 0. Let p = u + j. What is the tens digit of p?
3
Let p(h) = h**3 + 3*h**2 - 17*h - 17. Let z be p(-7). Let t = z - -530. What is the tens digit of t?
3
Let b be (7 + 8 + -3)*5. Let j(a) = -5*a - 4. Let i be j(7). Let u = b + i. What is the tens digit of u?
2
Let j = 333 - 24. Suppose -4*p + 1302 = 2*y, -4*y + j = 5*p - 2286. What is the units digit of y?
5
Let x(q) = -q**3 + 42*q**2 - 54*q - 201. What is the units digit of x(28)?
3
Let b = -7432 - -14394. What is the hundreds digit of b?
9
Suppose 4*m - 1018 = 778. Let u = m - 729. Let x = u - -393. What is the hundreds digit of x?
1
Let h = -1734 - -4293. What is the units digit of h?
9
Suppose p - 5*m - 49245 = 0, 2*p + 261*m - 265*m = 98460. What is the tens digit of p?
2
Suppose 89870 = -32*h + 434862. What is the ten thousands digit of h?
1
Let v(r) = -103*r**3 - 2*r**2 + r + 22. What is the units digit of v(-5)?
2
Suppose 2*y + 617*q = 620*q + 23958, -2*y + 4*q = -23964. What is the tens digit of y?
7
Let q be (33 + -3)*(-57)/(-9). Suppose q = -7*w + 2724. Let g = w + -253. What is the hundreds digit of g?
1
Let y be ((-338)/4)/((-2)/(-4)). Let r be 2/8*0 + y. What is the tens digit of 6*(5 + r/(-6))?
9
Let o(y) = 3113*y + 542. What is the units digit of o(4)?
4
Suppose -l - 28 = -2*s, -l = -0*l - 2. Let b(m) = 4*m - 21. What is the tens digit of b(s)?
3
Let g(a) be the first derivative of -3*a**2 - 168*a - 93. What is the units digit of g(-42)?
4
Let b(i) = 29*i**2 + 63*i + 57. What is the thousands digit of b(-10)?
2
Suppose 3*q - 5*z - 41918 = 0, 20953 = 2*q + 5*z - 7009. What is the ten thousands digit of q?
1
Let t = 14125 - 2340. What is the hundreds digit of t?
7
Let n(a) = -a**3 + 17*a**2 + 10*a - 86. Let k be n(15). Suppose 5*h = k + 496. What is the units digit of h?
2
Suppose -7*u + 28937 = 2*q, 3*u + 3*q - 2*q = 12402. What is the units digit of u?
3
Suppose 2*y - 3*y + 62 = 0. Suppose 791 = 10*s - 1499. Suppose -4*l = -3*n + 2*n - s, l - 5*n = y. What is the tens digit of l?
5
Let s = -39418 - -69072. What is the units digit of s?
4
Suppose h = 4, 2*f = -5*h + 28 - 2. Suppose 0 = f*u + l - 281, -u - 4*l + 44 + 46 = 0. What is the tens digit of u?
9
Let v = -667 + 1252. What is the hundreds digit of v?
5
Let f be -1*(2/5 - 8/20). Suppose -2*d + 160 + 1008 = f. What is the hundreds digit of d?
5
Suppose -r + 12 = -0. Suppose -1740 = -r*s + 8*s + 5*p, -4*p = s - 414. What is the units digit of s?
0
Let c(u) = 67*u**2 + 18*u + 30. Let m be c(-2). Let d = m - -495. What is the units digit of d?
7
Suppose -35925 = -6*c + 18213. What is the units digit of c?
3
Suppose 11*l = -7512 + 17115. What is the tens digit of l?
7
Let l be 2 - ((0 - -27)*-1 + 1). Let a = l + 11. Let w = a + -35. What is the units digit of w?
4
Suppose 438925 = 20*g - 26896 - 41059. What is the hundreds digit of g?
3
Let v(q) = -2*q**3 + 9*q**2 - 5*q - 3. Let s(a) = a**3 + a**2 - a - 1. 